{"id":17809,"date":"2023-02-06T16:57:31","date_gmt":"2023-02-06T15:57:31","guid":{"rendered":"https:\/\/esztar.hu\/?page_id=17809"},"modified":"2026-01-06T14:21:02","modified_gmt":"2026-01-06T13:21:02","slug":"intezmenyek","status":"publish","type":"page","link":"https:\/\/esztar.hu\/?page_id=17809","title":{"rendered":"Int\u00e9zm\u00e9nyek"},"content":{"rendered":"<h4><strong>Irinyi K\u00e1roly \u00c1ltal\u00e1nos Iskola, \u00d3voda \u00e9s Alapfok\u00fa M\u0171v\u00e9szetoktat\u00e1si Int\u00e9zm\u00e9ny<\/strong><\/h4>\n<p>4124 Eszt\u00e1r Pet\u0151fi u. 4\/b.<br \/>\n4124 Eszt\u00e1r \u00c1rp\u00e1d u. 42. \/Kast\u00e9ly Iskola &#8211; als\u00f3 tagozat\/<br \/>\nIgazgat\u00f3: T\u00f6r\u00f6kn\u00e9 Cs\u00f6rsz Csilla<br \/>\n<em>El\u00e9rhet\u0151s\u00e9g: 414-067, (als\u00f3 tagozat 414-350)<br \/>\n<\/em><em>Honlap:http:\/\/irinyikarolyiskola.hu\/<br \/>\n<\/em><em>E-mail: esztar@irinyikarolyiskola.hu\u00a0<span id=\"cloakd4e46928a8a9a60692771c8be7cf7eba\"><\/span><\/em><\/p>\n<h4><\/h4>\n<h4><strong>Epreskert \u00d3voda<\/strong><\/h4>\n<p>4124 Eszt\u00e1r \u00c1rp\u00e1d u. 33.<br \/>\nVezet\u0151: Kalmarn\u00e9 Hodos\u00e1n Ir\u00e9n Ildik\u00f3<br \/>\n<em>El\u00e9rhet\u0151s\u00e9g: 414-339<br \/>\n<\/em><em>E-mail: ovoda@esztar.hu<\/em><\/p>\n<p>&nbsp;<\/p>\n<h4><strong>J\u00f3zsef Attila K\u00f6z\u00f6ss\u00e9gi Sz\u00ednt\u00e9r \u00e9s Klubk\u00f6nyvt\u00e1r<\/strong><\/h4>\n<p>4124 Eszt\u00e1r Kossuth u. 1.<br \/>\nVezet\u0151: M\u00e1ndoki J\u00f3zsefn\u00e9<br \/>\n<em>El\u00e9rhet\u0151s\u00e9g: 414-153<br \/>\n<\/em><em>E-mail: rendezvenyesztar@esztar.hu<\/em><\/p>\n<p>&nbsp;<\/p>\n<h4 class=\"mb-3\">Csal\u00e1d- \u00e9s Gyermekj\u00f3l\u00e9ti Szolg\u00e1lat<\/h4>\n<p>4124 Eszt\u00e1r \u00c1rp\u00e1d u. 1.<br \/>\nVezet\u0151: Sz\u00e9csin\u00e9 Borsa Korn\u00e9lia<br \/>\n<em>El\u00e9rhet\u0151s\u00e9g: 414-174<\/em><\/p>\n<p>&nbsp;<\/p>\n<h4><strong>Konyha<\/strong><\/h4>\n<p>4124 Eszt\u00e1r Pet\u0151fi u. 4\/A<br \/>\nVezet\u0151: Szal\u00f3kin\u00e9 Lember Adrienn<br \/>\n<em>El\u00e9rhet\u0151s\u00e9g: 414-353<\/em><\/p>\n<p>&nbsp;<\/p>\n<h4><strong>V\u00e9d\u0151n\u0151 Szolg\u00e1lat<\/strong><\/h4>\n<p>4124 Eszt\u00e1r \u00c1rp\u00e1d u. 3.<br \/>\nV\u00e9d\u0151n\u0151: Kolozsv\u00e1ri Bedn\u00e1rik Bogl\u00e1rka<\/p>\n","protected":false},"excerpt":{"rendered":"<p>Irinyi K\u00e1roly \u00c1ltal\u00e1nos Iskola, \u00d3voda \u00e9s Alapfok\u00fa M\u0171v\u00e9szetoktat\u00e1si Int\u00e9zm\u00e9ny 4124 Eszt\u00e1r Pet\u0151fi u. 4\/b. 4124 Eszt\u00e1r \u00c1rp\u00e1d u. 42. \/Kast\u00e9ly Iskola &#8211; als\u00f3 tagozat\/ Igazgat\u00f3: T\u00f6r\u00f6kn\u00e9 Cs\u00f6rsz Csilla El\u00e9rhet\u0151s\u00e9g: 414-067, (als\u00f3 tagozat 414-350) Honlap:http:\/\/irinyikarolyiskola.hu\/ E-mail: esztar@irinyikarolyiskola.hu\u00a0 Epreskert \u00d3voda 4124 Eszt\u00e1r \u00c1rp\u00e1d u. 33. Vezet\u0151: Kalmarn\u00e9 Hodos\u00e1n Ir\u00e9n Ildik\u00f3 El\u00e9rhet\u0151s\u00e9g: 414-339 E-mail: ovoda@esztar.hu &nbsp; J\u00f3zsef Attila<\/p>\n","protected":false},"author":2,"featured_media":0,"parent":17781,"menu_order":0,"comment_status":"closed","ping_status":"closed","template":"","meta":{"_sitemap_exclude":false,"_sitemap_priority":"","_sitemap_frequency":"","footnotes":""},"class_list":["post-17809","page","type-page","status-publish","hentry"],"_links":{"self":[{"href":"https:\/\/esztar.hu\/index.php?rest_route=\/wp\/v2\/pages\/17809","targetHints":{"allow":["GET"]}}],"collection":[{"href":"https:\/\/esztar.hu\/index.php?rest_route=\/wp\/v2\/pages"}],"about":[{"href":"https:\/\/esztar.hu\/index.php?rest_route=\/wp\/v2\/types\/page"}],"author":[{"embeddable":true,"href":"https:\/\/esztar.hu\/index.php?rest_route=\/wp\/v2\/users\/2"}],"replies":[{"embeddable":true,"href":"https:\/\/esztar.hu\/index.php?rest_route=%2Fwp%2Fv2%2Fcomments&post=17809"}],"version-history":[{"count":8,"href":"https:\/\/esztar.hu\/index.php?rest_route=\/wp\/v2\/pages\/17809\/revisions"}],"predecessor-version":[{"id":24576,"href":"https:\/\/esztar.hu\/index.php?rest_route=\/wp\/v2\/pages\/17809\/revisions\/24576"}],"up":[{"embeddable":true,"href":"https:\/\/esztar.hu\/index.php?rest_route=\/wp\/v2\/pages\/17781"}],"wp:attachment":[{"href":"https:\/\/esztar.hu\/index.php?rest_route=%2Fwp%2Fv2%2Fmedia&parent=17809"}],"curies":[{"name":"wp","href":"https:\/\/api.w.org\/{rel}","templated":true}]}}

Intézmények

<h4><strong>Irinyi Károly Általános Iskola, Óvoda és Alapfokú Művészetoktatási Intézmény</strong></h4>
<p>4124 Esztár Petőfi u. 4/b.<br />
4124 Esztár Árpád u. 42. /Kastély Iskola &#8211; alsó tagozat/<br />
Igazgató: Törökné Csörsz Csilla<br />
<em>Elérhetőség: 414-067, (alsó tagozat 414-350)<br />
</em><em>Honlap:http://irinyikarolyiskola.hu/<br />
</em><em>E-mail: esztar@irinyikarolyiskola.hu <span id="cloakd4e46928a8a9a60692771c8be7cf7eba"></span></em></p>
<h4></h4>
<h4><strong>Epreskert Óvoda</strong></h4>
<p>4124 Esztár Árpád u. 33.<br />
Vezető: Kalmarné Hodosán Irén Ildikó<br />
<em>Elérhetőség: 414-339<br />
</em><em>E-mail: ovoda@esztar.hu</em></p>
<p>&nbsp;</p>
<h4><strong>József Attila Közösségi Színtér és Klubkönyvtár</strong></h4>
<p>4124 Esztár Kossuth u. 1.<br />
Vezető: Mándoki Józsefné<br />
<em>Elérhetőség: 414-153<br />
</em><em>E-mail: rendezvenyesztar@esztar.hu</em></p>
<p>&nbsp;</p>
<h4 class="mb-3">Család- és Gyermekjóléti Szolgálat</h4>
<p>4124 Esztár Árpád u. 1.<br />
Vezető: Szécsiné Borsa Kornélia<br />
<em>Elérhetőség: 414-174</em></p>
<p>&nbsp;</p>
<h4><strong>Konyha</strong></h4>
<p>4124 Esztár Petőfi u. 4/A<br />
Vezető: Szalókiné Lember Adrienn<br />
<em>Elérhetőség: 414-353</em></p>
<p>&nbsp;</p>
<h4><strong>Védőnő Szolgálat</strong></h4>
<p>4124 Esztár Árpád u. 3.<br />
Védőnő: Kolozsvári Bednárik Boglárka</p>

<p>Irinyi Károly Általános Iskola, Óvoda és Alapfokú Művészetoktatási Intézmény 4124 Esztár Petőfi u. 4/b. 4124 Esztár Árpád u. 42. /Kastély Iskola &#8211; alsó tagozat/ Igazgató: Törökné Csörsz Csilla Elérhetőség: 414-067, (alsó tagozat 414-350) Honlap:http://irinyikarolyiskola.hu/ E-mail: esztar@irinyikarolyiskola.hu  Epreskert Óvoda 4124 Esztár Árpád u. 33. Vezető: Kalmarné Hodosán Irén Ildikó Elérhetőség: 414-339 E-mail: ovoda@esztar.hu &nbsp; József Attila</p>
